 u(-4). What is the greatest common factor of s and 106?
2
Let v = -35 - -20. Let j be 62/5 - (-6)/v. Let o(l) = 2*l**2 + 6*l - 8. Let w be o(2). Calculate the greatest common factor of w and j.
12
Let i = -1 - -3. Suppose 0 = 5*g + 5, -2*y = -6*y + i*g + 122. Calculate the greatest common factor of 15 and y.
15
Suppose -3*d - 161 = -4*g, -7*d + 2*d - 205 = -5*g. Suppose 0 = -5*c + 7 - 32, 5*z + 2*c - 85 = 0. What is the highest common divisor of z and g?
19
Let x = 69 - 64. Let q be 2/(-5) + 36/15. Suppose x*f - 16 - 119 = -5*v, 6 = q*v. Calculate the highest common divisor of f and 120.
24
Let m be (-2 + -2 - -3) + 1. Suppose -p - 3*s = -4*p + 63, m = -5*s. Calculate the greatest common factor of 14 and p.
7
Suppose 0*i = -4*i + 88. Let v = 7 + -4. Suppose -t + 3*w = -2*t + 2, v*t + 3*w = 6. Calculate the highest common factor of i and t.
2
Let g(y) = -y**2 - 17*y - 10. Suppose 16 + 4 = -4*p. Let m be g(p). Calculate the highest common divisor of m and 125.
25
Suppose 0 = 5*q - 112 + 47. Suppose -3*k + 7*k = 8. Suppose -5*u = k*a - 239, -u + 80 = 2*a - 155. What is the greatest common divisor of q and a?
13
Let x = -300 - -402. Calculate the greatest common divisor of 187 and x.
17
Let c = 718 - 594. What is the highest common factor of 20 and c?
4
Let o = 38 + -57. Let w(m) = -m**3 - 18*m**2 + 19*m + 23. Let g be w(o). What is the highest common divisor of 207 and g?
23
Suppose -2*o + 128 = -60. Suppose m = -9*r + 4*r + 114, 4*r - 2*m = o. What is the greatest common divisor of r and 207?
23
Let d be 53/5 - (-12)/30. Suppose d*r = 8*r + 30. What is the greatest common divisor of 15 and r?
5
Let m be -1*(-22 + 2 + 1). Let j be -25*(m/(-5) - -1). Calculate the greatest common factor of 7 and j.
7
Suppose 4*w - 222 = -2*k, -4*w = -k - 28 + 121. Suppose 2*r - 17 = -m, -4*m - 3*r + 24 = -39. What is the greatest common factor of m and k?
15
Suppose 65*d = 67*d + 264. Let v be d/(-13) - (-14)/(-91). What is the greatest common divisor of v and 20?
10
Suppose -3*a - 21 = -69. Let r(k) = 45*k - a + 16. Let w be r(1). What is the highest common divisor of 5 and w?
5
Let j(o) = 9*o + 83. Let c be j(-9). Calculate the greatest common divisor of 14 and c.
2
Let k(p) = 3*p + 6. Let g be k(6). Suppose j = -3*h + 36, -3*j + 4*h + 136 - 28 = 0. Suppose 0*l - 3*l = -j. What is the greatest common factor of l and g?
12
Let i = -846 - -951. Calculate the greatest common factor of 135 and i.
15
Let c be 10/4 + 1/2. Suppose c*q + 0*q = -27. Let p = 12 + q. What is the greatest common divisor of p and 15?
3
Let o(b) be the second derivative of 1/12*b**4 - 3*b + 1/2*b**2 - 7/3*b**3 + 0. Let j be o(14). What is the highest common factor of j and 4?
1
Suppose 0 = 5*w - 3*w - 972. Calculate the greatest common factor of w and 18.
18
Suppose -4*b + 1489 = 17. Calculate the highest common factor of b and 16.
16
Suppose -24*k = -2930 - 20830. What is the greatest common divisor of 270 and k?
90
Let f(z) = -z**3 - 3*z**2 - 4*z - 22. Let o be f(-4). What is the greatest common divisor of o and 75?
5
Let x = 218 + -114. What is the highest common factor of x and 152?
8
Let f = 808 - 475. What is the highest common factor of f and 74?
37
Let p(b) be the third derivative of b**5/60 + 5*b**4/24 - 5*b**3/6 + 5*b**2. Let h be p(-6). Calculate the highest common factor of h and 11.
1
Let p = 223 + -131. Suppose 5*j - p - 53 = 0. Calculate the greatest common factor of 145 and j.
29
Let v(d) = 3*d**2 - 2. Let f be v(-2). Let g = f + -7. Suppose -g*z - 3*u + 120 = 0, 2*u - 120 = -4*z + 6*u. Calculate the highest common factor of 7 and z.
7
Let s(q) = q**3 + 29*q**2 - 32*q - 64. Let x be s(-30). Let a be ((-12)/(-2))/(-2) + (x - -31). Calculate the greatest common divisor of 30 and a.
6
Let k(y) = y - 13. Let g be k(9). Let i be g/(-6) + 28/(-6). Let o be i/((12/(-15))/2). What is the greatest common divisor of 80 and o?
10
Let y(j) = j**2 - 41*j + 237. Let l be y(42). What is the highest common factor of 744 and l?
93
Suppose 4*x + 0*x = 400. Calculate the highest common divisor of x and 320.
20
Let f(q) = -q + 8. Suppose 4*l - 8 = w, 0 = -3*w - 5*l - 0 + 10. Suppose -p = -w*p + 2. Let z be f(p). Calculate the highest common divisor of 50 and z.
10
Let p be (3 + 15)*11/(-9)*-3. Let b be (10/15)/(4/p). What is the greatest common divisor of b and 55?
11
Let c(m) = 9*m - 130. Let t(f) = -1. Let v(d) = -c(d) - 5*t(d). Let l be v(0). Calculate the highest common factor of l and 15.
15
Suppose 0 = 5*s + 3*m - 284, 2*m = -5*s - 3*m + 290. Let v = s - 19. Calculate the highest common divisor of 27 and v.
9
Suppose 3*n + 12*x - 7*x - 1891 = 0, 2*n + 4*x - 1260 = 0. What is the greatest common factor of 8 and n?
8
Suppose -24 + 24 = -2*n. Suppose n*g = -g - 3*z + 27, 2*g - z = 40. Calculate the greatest common factor of 28 and g.
7
Suppose -y - 57 = -4*y. Let j(c) = c**2 - 32. Let k(f) = 16. Let i(b) = 2*j(b) + 5*k(b). Let o be i(-7). Calculate the highest common factor of y and o.
19
Suppose 2*c = -0*c + 10, 3*u + 179 = -2*c. Let r be (-7)/(u/12)*51/2. Let b = -5 + 90. What is the greatest common divisor of b and r?
17
Let g(i) = i**3 - 3*i**2 + 2*i. Let l be g(2). Suppose l = -4*x - 12, 3*b - 4*x - 135 = -x. Calculate the highest common factor of b and 6.
6
Suppose 2*u = -4*z + 6, 14 = 3*u + 2*z + 5. Let y(k) = -2*k + 9. Let l be y(0). Calculate the greatest common factor of u and l.
3
Let d(o) = -2*o - 28. Let n be d(-16). Let v = -2 + n. Suppose v*w - 8*w = -156. Calculate the highest common factor of w and 13.
13
Let x(k) be the third derivative of 21*k**5/20 + 3*k**2. Let s be x(1). Suppose 0 = -2*b + s + 45. Calculate the greatest common factor of 18 and b.
18
Let m(f) be the first derivative of 2*f**2 - 3*f + 6. Let w be m(2). Suppose -43 = -4*p + w*r + 18, -5 = 5*r. Calculate the highest common divisor of p and 14.
14
Suppose -2*r = -q - 107 + 11, q - 48 = -r. Suppose -3*m = -5*m + r. Let o be 6/m + 415/4. What is the highest common factor of 13 and o?
13
Let y(j) = j**2 + 4*j + 5. Let o be y(-7). Let m = 12 - o. Let h be (m/8)/((-6)/72). Calculate the highest common factor of h and 42.
21
Let o(i) = -i**2 + 31*i + 37. Let v be o(30). What is the highest common factor of v and 670?
67
Suppose -168 = -415*i + 401*i. Calculate the highest common divisor of i and 276.
12
Suppose 2*p - 7*p - 4*l = 108, -33 = p - 3*l. Let n be p/(-5) - (-1)/5. Suppose -n*f + 0*f = -50. Calculate the greatest common divisor of 20 and f.
10
Let v = 18 + 5. Suppose -1 - v = 2*x. Let m = -5 - x. What is the greatest common factor of m and 63?
7
Suppose 11*a = 13*a - 100. Let b be (0/1)/(2 + -1). Suppose -4*h + 5 + 75 = b. What is the greatest common factor of a and h?
10
Suppose -4*j + 183 = 3*r - 349, 4*r = 2*j + 702. Suppose -17*l - r = -21*l. Suppose 6*x - 3*x - 33 = 0. What is the greatest common factor of x and l?
11
Let x = -1220 + 1255. Calculate the greatest common factor of 175 and x.
35
Let d = -255 - -605. Calculate the greatest common divisor of 14 and d.
14
Let c = 386 - 136. Suppose c = i + 4*i. Suppose i = 8*w - 3*w. What is the highest common divisor of 15 and w?
5
Let b = -28 - -45. Suppose 0 = -3*h + b - 2. Suppose -h*y + 35 = -55. What is the highest common factor of y and 12?
6
Suppose -3*h + 3*x + 9 + 24 = 0, 0 = -4*h - x + 49. Let r be -12 + 9 - (0 - h). Calculate the highest common factor of r and 3.
3
Suppose -u = 3*m - 51, -7*m + 6 = -4*m. Let o be (-3)/(-4)*(5 + 7). Suppose -5*c + 54 = o. Calculate the highest common divisor of c and u.
9
Suppose 0*m + 3*f = m - 15, -4*m + 4*f = -28. Suppose 0 = 5*c - 5*l - 170, 2*c + m*l = -c + 96. Calculate the highest common divisor of 99 and c.
33
Suppose l + 2*c - 30 = 0, l - 51 = 4*c + c. Suppose -4*a + l = -a. What is the greatest common factor of a and 96?
12
Suppose 0 = -161*a + 166*a - 135. What is the highest common divisor of a and 45?
9
Let j(d) = -d**2 - 2*d + 4. Let h be j(-2). Suppose 5171 + 1829 = 7*k. Suppose -g + k = h*g. What is the greatest common factor of 80 and g?
40
Let u(d) = 2*d**2 - 42*d + 42*d + 13 + 32. Let q be u(0). What is the greatest common factor of 9 and q?
9
Let l = -598 - -634. Let k be (8/10)/(1/5). Calculate the highest common divisor of l and k.
4
Suppose -6*i + 4169 = 1043. Suppose 3*x - 31 = i. Cal